 + i = 9*y. List the prime factors of y.
3, 5, 19
Let h(o) = 22*o**2 + 6*o + 3. List the prime factors of h(4).
379
Suppose -5*u - 10 = 0, -u = -4*t + 2*t - 46. Let i = 30 + t. Suppose 2*o - i*o = -32. List the prime factors of o.
2
Let o = 631 + 55. List the prime factors of o.
2, 7
Let o(y) = -5*y - 13 - 11*y + 20 - 11. List the prime factors of o(-1).
2, 3
Let r = 3763 + -1109. What are the prime factors of r?
2, 1327
Suppose 0 = -4*m + 5*x - 3 + 5, -2*x + 7 = m. What are the prime factors of m*(5 - 1 - -18)?
2, 3, 11
Suppose 1516 = 3*n - 2*q, 2018 = 4*n - 2*q - 0*q. What are the prime factors of n?
2, 251
Let t = 93 - 76. Let c(g) = -g - 16. Let w(r) = r + 16. Let f(u) = 3*c(u) + 4*w(u). List the prime factors of f(t).
3, 11
Suppose 5*t = 6*t - 7. Suppose -4 - 157 = -t*w. What are the prime factors of w?
23
Suppose -v = p - 468, -5*p + 0*v - v = -2336. Let c = p - 332. What are the prime factors of c?
3, 5
What are the prime factors of (4/12)/(2/6) - -197?
2, 3, 11
What are the prime factors of ((-420 - -2) + -2)*-2?
2, 3, 5, 7
Let v(h) = -2*h**3 - 14*h**2 - 10*h + 9. List the prime factors of v(-7).
79
Let n(c) be the third derivative of -c**4/12 + 2*c**3/3 - 4*c**2. Let o be n(3). Let s(q) = 5*q**2 + q + 2. List the prime factors of s(o).
2, 5
Suppose -3*j - 4*g = -2772, 144*g - 12 = 140*g. What are the prime factors of j?
2, 5, 23
Let j = -830 + 1865. List the prime factors of j.
3, 5, 23
Let o(n) = n**2 - 12*n - 14. Let y be o(14). Let u = -7 + y. Suppose -32 = u*z - 8*z. List the prime factors of z.
2
Suppose 2*l + 3*x - 71 = 7*l, 38 = -2*l - 2*x. Let v(n) = n**2 + 8*n - 4. What are the prime factors of v(l)?
2, 31
List the prime factors of 2/(-6)*-4*(-114366)/(-196).
2, 389
Let n(x) = -x**3 + 46*x**2 + 18*x + 45. What are the prime factors of n(45)?
2, 3, 5
Let z = 899 + -482. Suppose 5*w - 38 - z = 0. What are the prime factors of w?
7, 13
Suppose 381*a = 362*a + 4617. What are the prime factors of a?
3
Suppose -4*m + 5*h = -99 - 3, 2*h + 27 = m. Let b be ((-18)/8)/((-6)/(-24)). Let l = m + b. List the prime factors of l.
2, 7
Let z = 57 - 52. Suppose 0 = -3*w + z*h + 142 - 53, 4*w = 2*h + 128. List the prime factors of w.
3, 11
Let h(t) = 3*t - 9. Let f be h(7). Let k be 4/24 - 2/f. Suppose 5*a + 0*a + 5*n = 125, -3*a - 2*n + 71 = k. List the prime factors of a.
3, 7
Suppose 3*w - i = 66, -2*w - 3*i = -i - 52. Let b = -17 + w. Suppose -5*s = -3*f - 43, -f + 43 = 3*s + b. List the prime factors of s.
11
Let f(q) = 3*q + 1477. What are the prime factors of f(0)?
7, 211
Let i be (1755/(-75))/(((-1)/(-5))/(-1)). Suppose 2*t + i = 3*t. List the prime factors of t.
3, 13
Let n be 3 + (-2 - (2 + -2)). Let m be -7*((-4)/(-28) - n). Suppose v - m = 7. What are the prime factors of v?
13
Let b = -177 + 222. List the prime factors of b.
3, 5
What are the prime factors of (1 - 60)*(23 + 0)/(-1)?
23, 59
Let o(t) = t**2 + 3*t - 2. Let l be o(-4). Let p be (4*-2)/l + 174. Suppose 0*s - p = -5*s. What are the prime factors of s?
2, 17
Let z(h) = 21*h - 15. Suppose -2*f = 3*w - 28, 2*w - 50 = -5*f - 13. What are the prime factors of z(w)?
3, 37
Let f(s) = -s**2 + 5*s - 6. Let p be f(4). List the prime factors of -1*p*29*1.
2, 29
Suppose 0 = 5*z - 12 + 32, 0 = -4*m - 3*z + 272. What are the prime factors of m?
71
Let c(r) = r**2 - 2*r + 3. Let z be 6 + -4 + (-4)/1. Let n be (-7 - z)*(-10)/25. What are the prime factors of c(n)?
3
Suppose 13*y = -2*y + 32655. What are the prime factors of y?
7, 311
Suppose -n + 16 = 3*j, -5 = -3*j - 4*n + 14. Suppose -581 = -4*t - j*f, -f + 190 = 3*t - 243. What are the prime factors of t?
2, 3
Suppose 0 = -18*o + 17*o + 59. What are the prime factors of o?
59
Let q(b) = b**2 - 80*b - 252. What are the prime factors of q(-44)?
2, 1301
What are the prime factors of 12/(-4)*2660/(-15)?
2, 7, 19
Suppose 245 = 16*a - 15*a. List the prime factors of a.
5, 7
Let a(d) be the second derivative of 7*d**6/90 + d**5/120 - d**3/6 + 3*d. Let t(u) be the second derivative of a(u). What are the prime factors of t(1)?
29
Let u(n) = -2*n**3 + 6*n**2 - 3*n + 10. Let a be u(4). Let x = a - -50. What are the prime factors of x?
2
Let d = -453 - -1218. What are the prime factors of d?
3, 5, 17
Suppose -11*c = -1591 - 8969. Suppose 108*f - 104*f - c = 0. What are the prime factors of f?
2, 3, 5
Let m = -154 - -304. Let w = -53 + m. List the prime factors of w.
97
Let i be 164/10 + 6/(-15). Let v be (-4)/(i/(-12)) - 0. Suppose -4*z = -v*z + y - 15, y = 4*z - 55. What are the prime factors of z?
2, 7
Let b be -1 + (2 - 2) - (1 - 10). Suppose -2*x + 57 = 3*o + 5, -2*x - b = 0. List the prime factors of o.
2, 5
Suppose 0 = 8*f - 3*f - 3*j - 488, -5*f - 3*j = -482. List the prime factors of f.
97
Let b = -9 - -7. What are the prime factors of 7 + (-2 + -2 - b)?
5
Suppose -80 + 92 = 3*y. Suppose 426 + 146 = y*g. What are the prime factors of g?
11, 13
Suppose 3*r = 268 + 1475. What are the prime factors of r?
7, 83
Let u(n) = -n - 1. Let w(f) = -3*f - 2. Let r(m) = m + 14. Let j be r(-7). Let b(p) = j*u(p) - 3*w(p). List the prime factors of b(3).
5
Let x = 1 - -2. Suppose 299 = x*s + 98. What are the prime factors of s?
67
Suppose 33*m - 24817 = 20*m. What are the prime factors of m?
23, 83
Suppose 14079 + 21429 = 22*w. What are the prime factors of w?
2, 3, 269
Suppose -14*z = 50*z - 97344. What are the prime factors of z?
3, 13
Suppose 5*l = -5*l + 50. Let u(z) = z**3 - 4*z**2 - 10. Let k(b) = 5*b**3 - 20*b**2 + b - 51. Let t(n) = -2*k(n) + 11*u(n). What are the prime factors of t(l)?
7
Let h = -82 + 82. Suppose -2*g = d - 287, -5*d = -g - h*d + 160. List the prime factors of g.
5, 29
Suppose 11*t - 39312 = -17*t. What are the prime factors of t?
2, 3, 13
Let v be -225 + (-1)/3*3. Let b = 336 + v. List the prime factors of b.
2, 5, 11
Let f(l) = -5*l + 95. Let s(x) = -x**2 - 5*x - 4. Let j be s(-4). What are the prime factors of f(j)?
5, 19
Suppose -29*u + 36 = -20*u. Suppose -u*q + 165 = q. List the prime factors of q.
3, 11
Let n be 42/4*(1 - 5/3). What are the prime factors of (n + (-524)/(-8))/((-1)/(-2))?
3, 13
Let s = 18 + -15. Let h(g) = 4*g**2 + 4*g - 7. What are the prime factors of h(s)?
41
Let s be (2/(-1))/((12/30)/(-1)). Suppose -2*u + 0*b + 73 = 3*b, -165 = -s*u - 4*b. What are the prime factors of u?
29
Let o be 5/50 - 58/(-20). Suppose -o*i + 156 = -159. List the prime factors of i.
3, 5, 7
Let p = -5967 - -8393. What are the prime factors of p?
2, 1213
Suppose 2*c = 629 + 111. List the prime factors of c.
2, 5, 37
Let s(m) = 11*m**2 - 2*m - 5. Let u be s(4). What are the prime factors of 1/(u/(-41) + 4)?
41
Let k = -11 + 52. Suppose -6*p = -p - 15. Suppose p*c = k + 70. What are the prime factors of c?
37
Let g(i) be the third derivative of -i**4/6 + 11*i**3/6 + 9*i**2. List the prime factors of g(-12).
59
Suppose 0 = -0*i + 2*i - 176. Suppose -2*h - i = -32. List the prime factors of (h - (3 - 2))/(-1).
29
Let c(z) = 8*z**2 - 19*z - 68. List the prime factors of c(-5).
227
Let u(h) = 35*h. Let f be u(4). Suppose -3*i - 12 = -5*i. Suppose j + f = i*j. What are the prime factors of j?
2, 7
Let j(s) = s**3 - 8*s**2 - 8*s - 3. Let l be j(9). Let u = 38 + -2. Let y = u - l. List the prime factors of y.
2, 3, 5
Let k be (0 + -1)*(7 + -14). Suppose 2*l = -3*x + 8, 5*x + k - 27 = 0. What are the prime factors of 15*((-16)/(-6) + l)?
2, 5
Let q(k) = 7*k + 2. Let p be q(-6). Let v = -185 + 122. Let r = p - v. What are the prime factors of r?
23
Let z = 261 + 21. Suppose 842 - z = 7*f. What are the prime factors of f?
2, 5
Let z(p) = p + 13. Let h be z(-6). Let t(q) = -h - 7*q**2 - 4*q - q**3 + 7 - 4*q. What are the prime factors of t(-7)?
2, 7
Let z(l) = 47*l**3 + 3*l**2 + 8*l - 48. List the prime factors of z(4).
2, 5, 19
List the prime factors of 1*-788*16/(-64).
197
Suppose 3*a + 3*s - 282 = 0, s + 304 = 5*a - 166. Suppose 5*k = 0, 4*n + 3*k = 210 + a. List the prime factors of n.
2, 19
Let h(i) = -i**3 + 28*i**2 + 6*i - 17. What are the prime factors of h(27)?
2, 19, 23
Let w be 294/28*(-16)/(-6). What are the prime factors of (-3 + w/8)*134?
67
Suppose 4*l = 8 + 28. Let z(t) = -10*t + 17*t - 11*t - 5*t + 25 + 8*t. What are the prime factors of z(l)?
2
Let j(v) = -v**2 - 11*v - 8. Let b(h) = h - 2. Let r be b(-6). Let u be j